{"id":8,"date":"2021-05-20T10:22:52","date_gmt":"2021-05-20T10:22:52","guid":{"rendered":"https:\/\/www.lendahead.fi\/?page_id=8"},"modified":"2025-11-03T11:44:12","modified_gmt":"2025-11-03T09:44:12","slug":"need-to-get-ahead-with-your-business-lend-a-head","status":"publish","type":"page","link":"https:\/\/www.lendahead.fi\/","title":{"rendered":"TEHOKAS TAPA RESURSOIDA, SPARRATA, SUUNNITELLA, KEHITT\u00c4\u00c4 JOHTAMISTA JA JALKAUTTAA KASVUSTRATEGIAA KONKREETTISESTI."},"content":{"rendered":"\n<p><strong>1. KASVUKYVYN <strong>HAPPOTESTAAJA<\/strong> &#8211; TUNNISTAMME PULLON KAULAT JOPA VIIKOSSA<\/strong><\/p>\n\n\n\n<p>Laadukas tukipaketti kehityshaluiselle yhti\u00f6lle; tuotan holistisen n\u00e4kemyksen organisaatiosi valmiudesta ja kyvyst\u00e4 kasvaa ja my\u00f6s toteuttaa valittua strategiaa. Tutustuminen, haastattelut, analyysit, yhteenveto, tulosten esittely ja kehitysehdotukset. Ota merkitt\u00e4v\u00e4 askel kohti tehokkaampaa strategian toteutusta!<\/p>\n\n\n\n<p><strong>2. OMA SPARRAAJA &amp; ADVISOR &#8211; JOHTAJAN TUKI KASVUUN, MUUTOKSEEN JA TRANSITIOVAIHEEN TOTEUTUKSEEN<\/strong><\/p>\n\n\n\n<p>Luottamuksellinen, k\u00e4yt\u00e4nn\u00f6nl\u00e4heinen, n\u00e4kemyksellinen. Kehit\u00e4mme kasvusuunnitelmaasi, haastamme strategiat, valitsemme Fokus-alueet, varmistamme aikataulussa pysymisen. Uskalla haastaa ensin itsesi kehittym\u00e4\u00e4n, vie l\u00f6yd\u00f6kset k\u00e4yt\u00e4nt\u00f6\u00f6n, hae rohkeasti uusia n\u00e4k\u00f6kulmia. Advisor her\u00e4tt\u00e4\u00e4, tuo n\u00e4k\u00f6kulmia ja konkreettisia ratkaisumalleja omiesi rinnalle. Jos t\u00e4m\u00e4 resonoi niin jutellaan!<\/p>\n\n\n\n<p><strong>3. INTERIM-JOHTAJA &#8211; RESURSSI TOTEUTTAMAAN MUUTOSTA YHDESS\u00c4 ORGANISAATIOSI KANSSA<\/strong><\/p>\n\n\n\n<p>Olisiko avuksi osa- tai t\u00e4ysiaikainen resurssi uuden vaiheen l\u00e4pivientiin? Saat kokeneen ja monipuolisen johtajaresurssin viem\u00e4\u00e4n tehokkaasti l\u00e4pi muutosta, kasvuhankkeita tai korvaamaan avainresurssin v\u00e4liaikaisesti. Kehitet\u00e4\u00e4n yhdess\u00e4 kyvykkyytt\u00e4 ja juurrutetaan uusia toimintatapoja &#8211; olen osana tiimi\u00e4 viem\u00e4ss\u00e4 strategiaa tuloksiksi.<\/p>\n\n\n\n<p><strong>SOPIIKO, ETT\u00c4 TUTUSTUTAAN, ARVIOIDAAN TILANTEENNE LUOTTAMUKSELLA JA KATSOTAAN AVOIMESTI OLENKO TEILLE SOPIVA KUMPPANI?<\/strong><\/p>\n\n\n\n<p>Viesti <a href=\"mailto:matti@lendahead.fi\">matti@lendahead.fi<\/a>&nbsp;tai numeroon +358 50 5233 569. Verkostoidu LinkedIniss\u00e4 <a href=\"https:\/\/www.linkedin.com\/in\/mattimerilainen\/\">https:\/\/www.linkedin.com\/in\/mattimerilainen\/<\/a><\/p>\n\n\n\n<p><strong>LUPAAN LAADUKKAAN KONSULTAATION JA EHDOTUKSEN. SAAT P\u00c4\u00c4T\u00d6KSENTEON TUEKSI KOTIMAISIA JA KANSAINV\u00c4LISI\u00c4 REFERENSSEJ\u00c4NI USEALTA TOIMIALALTA SEK\u00c4 LIS\u00c4TIETOA OSAAMISESTANI.<\/strong><\/p>\n\n\n\n<p>Interim- ja johtajakokemuksia sek\u00e4 osaamista mm. Liiketoimintayksik\u00f6n Johtaja, Br\u00e4ndijohtaja, Kasvujohtaja, Kategoriajohtaja, Liiketoimintajohtaja, Myyntijohtaja, Kehitysjohtaja, Kaupallinen johtaja, Asiakkuusjohtaja, Operatiivinen johtaja, Projektijohtaja, Vientijohtaja, Muutosjohtaja, Hankejohtaja.<\/p>\n\n\n\n<p><em>For more information about my customers, areas of expertize, references and international experience &#8211; please contact me;<\/em><\/p>\n\n\n\n<p><strong>CONTACTS: <\/strong><a href=\"mailto:matti@lendahead.fi\">matti@lendahead.fi<\/a> +358 50 5233 569 <a href=\"https:\/\/www.linkedin.com\/in\/mattimerilainen\/\">https:\/\/www.linkedin.com\/in\/mattimerilainen\/<\/a><\/p>\n\n\n\n<p><\/p>\n\n\n\n<figure class=\"wp-block-image size-full\"><a href=\"https:\/\/www.lendahead.fi\/wp-content\/uploads\/2025\/03\/MM_pic.png\"><img loading=\"lazy\" decoding=\"async\" width=\"951\" height=\"831\" src=\"https:\/\/www.lendahead.fi\/wp-content\/uploads\/2025\/03\/MM_pic.png\" alt=\"Interim-johtaja, Advisor, kasvukonsultti\" class=\"wp-image-406\" srcset=\"https:\/\/www.lendahead.fi\/wp-content\/uploads\/2025\/03\/MM_pic.png 951w, https:\/\/www.lendahead.fi\/wp-content\/uploads\/2025\/03\/MM_pic-300x262.png 300w, https:\/\/www.lendahead.fi\/wp-content\/uploads\/2025\/03\/MM_pic-768x671.png 768w\" sizes=\"auto, (max-width: 767px) 89vw, (max-width: 1000px) 54vw, (max-width: 1071px) 543px, 580px\" \/><\/a><\/figure>\n\n\n\n\n\n<p><\/p>\n\n\n\n\n\n<p><\/p>\n","protected":false},"excerpt":{"rendered":"<p>1. KASVUKYVYN HAPPOTESTAAJA &#8211; TUNNISTAMME PULLON KAULAT JOPA VIIKOSSA Laadukas tukipaketti kehityshaluiselle yhti\u00f6lle; tuotan holistisen n\u00e4kemyksen organisaatiosi valmiudesta ja kyvyst\u00e4 kasvaa ja my\u00f6s toteuttaa valittua strategiaa. Tutustuminen, haastattelut, analyysit, yhteenveto, tulosten esittely ja kehitysehdotukset. Ota merkitt\u00e4v\u00e4 askel kohti tehokkaampaa strategian toteutusta! 2. OMA SPARRAAJA &amp; ADVISOR &#8211; JOHTAJAN TUKI KASVUUN, MUUTOKSEEN JA TRANSITIOVAIHEEN TOTEUTUKSEEN Luottamuksellinen, &hellip; <\/p>\n<p class=\"link-more\"><a href=\"https:\/\/www.lendahead.fi\/\" class=\"more-link\">Jatka lukemista<span class=\"screen-reader-text\"> &#8221;TEHOKAS TAPA RESURSOIDA, SPARRATA, SUUNNITELLA, KEHITT\u00c4\u00c4 JOHTAMISTA JA JALKAUTTAA KASVUSTRATEGIAA KONKREETTISESTI.&#8221;<\/span><\/a><\/p>\n","protected":false},"author":1,"featured_media":0,"parent":0,"menu_order":0,"comment_status":"closed","ping_status":"closed","template":"","meta":{"footnotes":""},"class_list":["post-8","page","type-page","status-publish","hentry"],"_links":{"self":[{"href":"https:\/\/www.lendahead.fi\/index.php?rest_route=\/wp\/v2\/pages\/8","targetHints":{"allow":["GET"]}}],"collection":[{"href":"https:\/\/www.lendahead.fi\/index.php?rest_route=\/wp\/v2\/pages"}],"about":[{"href":"https:\/\/www.lendahead.fi\/index.php?rest_route=\/wp\/v2\/types\/page"}],"author":[{"embeddable":true,"href":"https:\/\/www.lendahead.fi\/index.php?rest_route=\/wp\/v2\/users\/1"}],"replies":[{"embeddable":true,"href":"https:\/\/www.lendahead.fi\/index.php?rest_route=%2Fwp%2Fv2%2Fcomments&post=8"}],"version-history":[{"count":213,"href":"https:\/\/www.lendahead.fi\/index.php?rest_route=\/wp\/v2\/pages\/8\/revisions"}],"predecessor-version":[{"id":454,"href":"https:\/\/www.lendahead.fi\/index.php?rest_route=\/wp\/v2\/pages\/8\/revisions\/454"}],"wp:attachment":[{"href":"https:\/\/www.lendahead.fi\/index.php?rest_route=%2Fwp%2Fv2%2Fmedia&parent=8"}],"curies":[{"name":"wp","href":"https:\/\/api.w.org\/{rel}","templated":true}]}}